 10*b**2 - 32*b - 39. Determine m(-3).
-6
Let j(l) = -4*l**2 - 10*l + 2. Calculate j(-5).
-48
Let z(q) = -10*q**2 - 15*q - 8. What is z(-5)?
-183
Let c(r) = 4*r**3 - 59*r**2 + 19*r - 68. Give c(14).
-390
Let a(r) = -r**3 + 16*r**2 + 38*r - 17. Calculate a(18).
19
Let h(c) = -40*c**2 + 90*c + 4. Calculate h(2).
24
Let w(k) = -2*k**2 - 65*k + 3563. Give w(29).
-4
Let m(k) = -256*k + 1955. Determine m(8).
-93
Let v(m) = -m**2 + 248*m - 11288. Give v(60).
-8
Let u(k) = -k**2 - 36*k + 538. Give u(-45).
133
Let n(d) = 2*d**3 - 31*d**2 - 52*d + 24. What is n(17)?
7
Let l(j) = 5*j + 13. Give l(-3).
-2
Let i(j) = -j**3 - 89*j**2 - 260*j - 166. Determine i(-86).
6
Let p(n) = -10*n**2 - 2*n - 6. Calculate p(-4).
-158
Let i(p) = 21*p**2 - 524*p - 28. Give i(25).
-3
Let k(v) = -164*v + 10344. Give k(63).
12
Let k(t) = -15*t - 54. What is k(-2)?
-24
Let u(r) = -r**3 - 10*r**2 - 113*r - 492. Give u(-5).
-52
Let b(l) = l**2 - 40*l + 26. Calculate b(37).
-85
Let v(k) = k**2 - 12*k - 1479. What is v(45)?
6
Let c(b) = b**3 - 7*b**2 - 50*b + 230. What is c(9)?
-58
Let t(n) = -n**3 + 11*n**2 - 25*n - 21. Give t(8).
-29
Let l(k) = -71*k**3 + 2*k - 3. Give l(1).
-72
Let i(n) = -n**3 + 29*n**2 - 916*n + 28381. Determine i(30).
1
Let g(c) = 544*c - 10337. Calculate g(19).
-1
Let g(k) = k**2 + 20*k + 18. Calculate g(-7).
-73
Let g(v) = -2*v**3 - 69*v**2 - 42*v + 1863. Calculate g(-33).
-18
Let m(z) = 1525*z - 4599. What is m(3)?
-24
Let p(l) = l**2 + 474*l + 5545. Calculate p(-12).
1
Let g(r) = r**3 - 5*r**2 - 13*r + 55. Give g(6).
13
Let y(g) = g**3 + 36*g**2 - 40*g - 4. Determine y(-37).
107
Let j(n) = n**2 - 201*n - 1034. Determine j(-5).
-4
Let l(t) = 10*t**3 - 5*t**2 + 22*t - 47. Calculate l(3).
244
Let q(k) = 56*k - 294. Give q(-2).
-406
Let z(s) = 418*s + 2490. Determine z(-6).
-18
Let g(s) = 19*s**2 + 59*s - 264. Calculate g(5).
506
Let y(z) = -z**3 - 25*z**2 + 87*z + 898. Determine y(-27).
7
Let a(p) = -p**2 - 19*p + 1314. Give a(-47).
-2
Let l(v) = -4*v**3 - 6*v**2 + 4*v - 8. What is l(-3)?
34
Let q(f) = f**2 + 8*f - 3. Calculate q(-3).
-18
Let l(z) = -108*z - 1564. Determine l(-18).
380
Let o(s) = -64*s**2 - 20*s - 1. What is o(-1)?
-45
Let n(q) = -111*q - 689. Give n(-6).
-23
Let o(p) = -21*p + 22. Give o(2).
-20
Let w(a) = 2*a**2 + 29*a - 1. Calculate w(-15).
14
Let i(p) = p**2 + 21*p - 260. Calculate i(12).
136
Let r(y) = -26*y**3 - 4*y**2 - y - 2. What is r(-2)?
192
Let g(n) = n**3 - 9*n**2 - 35*n - 5. What is g(12)?
7
Let b(u) = -59*u - 1991. Give b(-29).
-280
Let h(a) = 1643*a + 13143. Calculate h(-8).
-1
Let o(j) = -10*j + 22. Determine o(2).
2
Let x(y) = -y**2 - 248*y - 6173. What is x(-28)?
-13
Let q(b) = 29*b + 927. Give q(-33).
-30
Let z(n) = -n**3 + 7*n**2 - 2*n - 35. Calculate z(6).
-11
Let q(x) = 3*x**2 - x - 39. What is q(9)?
195
Let c(y) = 254*y**2 + 8891*y + 21. Calculate c(-35).
-14
Let z(f) = -2*f**3 - 59*f**2 - 25*f - 50. What is z(-29)?
-166
Let g(s) = -5*s**3 - 285*s**2 - 808*s + 2. Determine g(-3).
-4
Let o(s) = 7*s - 57. Give o(49).
286
Let l(h) = 87*h**2 + 3*h. Give l(-2).
342
Let c(f) = -f - 80. Give c(-4).
-76
Let n(s) = -34*s + 903. Give n(29).
-83
Let k(l) = -685*l - 50. Give k(0).
-50
Let k(a) = -a**3 - 21*a**2 - 86*a + 69. Give k(-15).
9
Let k(h) = -653*h + 91. Determine k(1).
-562
Let d(o) = -2*o**2 - 4*o + 33. Calculate d(-7).
-37
Let v(h) = 70209*h - 421255. What is v(6)?
-1
Let s(l) = 2*l**3 + 9*l**2 - 28*l - 11. Give s(-8).
-235
Let s(n) = 64*n**2 + 327*n + 10. What is s(-5)?
-25
Let v(m) = -8*m**3 - 210*m**2 - 61*m - 207. What is v(-26)?
27
Let i(k) = -k**3 - 13*k**2 - 18*k + 114. Determine i(-5).
4
Let d(a) = 94*a - 1135. Calculate d(12).
-7
Let q(d) = 6*d**2 + 3*d + 52. Calculate q(6).
286
Let x(y) = -2*y**3 - 15*y**2 - 19*y - 29. Give x(-5).
-59
Let l(n) = 117*n + 2532. Give l(-24).
-276
Let l(h) = -10*h + 36. Give l(5).
-14
Let l(u) = -142*u - 1595. Give l(-11).
-33
Let x(b) = -66*b + 254. Give x(-2).
386
Let o(n) = -41*n - 7331. Calculate o(-179).
8
Let z(g) = -3*g**2 - g - 18. Determine z(5).
-98
Let f(g) = -4*g - 40. What is f(-29)?
76
Let z(r) = r**3 - 44*r**2 + 420*r - 7. Calculate z(30).
-7
Let w(v) = v**2 - 30*v + 118. What is w(7)?
-43
Let x(b) = -3*b**3 - b**2 - 53*b + 114. Determine x(2).
-20
Let l(n) = -3*n**2 - 86*n + 8. What is l(-29)?
-21
Let x(h) = -174*h - 222. Give x(-1).
-48
Let k(c) = -6*c - 213. Give k(-23).
-75
Let c(b) = -b**3 - 26*b**2 - 118*b - 1507. Give c(-24).
173
Let s(h) = -h**3 + 48*h**2 + 211*h + 107. Determine s(52).
263
Let v(q) = 42*q + 430. Give v(-9).
52
Let n(x) = -x**2 - 14*x + 37. Determine n(-17).
-14
Let i(z) = 163*z**3 - 4*z - 3. What is i(-1)?
-162
Let i(a) = -a**3 - 10*a**2 + 15*a + 90. What is i(-3)?
-18
Let t(b) = b**2 + 6*b - 78. Give t(-12).
-6
Let w(p) = -4*p**3 + 16*p**2 - 5*p + 41. Calculate w(6).
-277
Let t(f) = -f**3 - 50*f**2 - 220*f + 283. Determine t(-45).
58
Let t(m) = m**2 + 233*m - 708. Calculate t(3).
0
Let b(a) = -3*a**2 - 25*a + 591. Determine b(-19).
-17
Let h(o) = 3*o**3 - 12*o + 34. Determine h(3).
79
Let a(n) = -n**3 + 56*n**2 - 38*n - 24. Give a(55).
911
Let z(t) = -12*t**2 + 417*t + 2936. Calculate z(-6).
2
Let v(k) = -k**3 + 39*k**2 - 37*k - 81. Determine v(38).
-43
Let v(p) = -156*p - 23. Determine v(-1).
133
Let j(t) = 2*t**3 + 4*t**2 - 22*t - 6. Give j(3).
18
Let l(o) = -o**2 + 52*o + 1330. Calculate l(-19).
-19
Let g(b) = 2*b**3 - 82*b**2 - 153*b + 2844. Give g(42).
-54
Let r(i) = -2*i**3 - 120*i**2 + i + 49. Calculate r(-60).
-11
Let d(u) = 20*u**2 - 98*u + 81. What is d(4)?
9
Let j(d) = -1768*d - 19456. Calculate j(-11).
-8
Let z(v) = v**2 + 371*v + 2902. Give z(-8).
-2
Let q(u) = -6*u**2 + 100*u + 303. What is q(-3)?
-51
Let x(n) = -n**3 + 5*n**2 + 3*n + 6. Give x(-2).
28
Let h(u) = 369*u + 12191. Determine h(-33).
14
Let m(g) = 2*g**2 + 15*g + 21. Give m(-1).
8
Let p(y) = -2*y**2 - 61*y + 454. Give p(6).
16
Let f(x) = 8*x**3 + 6*x**2 + 2*x - 3. Give f(1).
13
Let l(y) = -70*y - 88. Give l(2).
-228
Let i(p) = -63*p**2 + 9*p - 22. Determine i(0).
-22
Let n(c) = 12*c - 88. What is n(10)?
32
Let l(v) = -v**3 + 143*v**2 - 280*v - 280. Calculate l(141).
2
Let m(q) = -q**3 - 23*q**2 + 59*q + 835. What is m(-24)?
-5
Let p(c) = -c**2 + 30*c + 763. What is p(48)?
-101
Let h(v) = -v**3 + 40*v**2 + 131*v + 18. Give h(-3).
12
Let n(t) = t**2 + 2*t - 181. Give n(11).
-38
Let o(x) = -64*x + 218. What is o(4)?
-38
Let g(t) = 413*t + 1224. What is g(-3)?
-15
Let d(a) = -a + 6. What is d(-4)?
10
Let a(r) = -42*r**3 + 5*r**2 - 14*r + 11. Determine a(1).
-40
Let c(j) = -j**3 - 8*j**2 + 81*j + 563. What is c(-6)?
5
Let m(z) = -z**3 - 23*z**2 - 81*z - 77. Give m(-19).
18
Let v(g) = 349*g - 6981. Calculate v(20).
-1
Let v(y) = -147*y - 857. Determine v(-10).
613
Let a(u) = 15*u + 118. Calculate a(-10).
-32
Let r(i) = -2*i**2 + 91*i - 231. Determine r(44).
-99
Let f(a) = -a**3 + 35*a**2 - 38*a + 5. Determine f(34).
-131
Let z(m) = -m**3 + 18*m**2 - 577. What is z(16)?
-65
Let t(r) = 290*r - 31916. Calculate t(110).
-16
Let k(o) = -6*o**2 + 13*o - 107. Give k(5).
-192
Let v(i) = i**2 - 40*i - 441. Give v(52).
183
Let y(a) = -a**3 + 16*a**2 + 79*a + 6. Give y(20).
-14
Let n(i) = 2*i**3 + 4*i**2 - 113*i + 8. Calculate n(6).
-94
Let f(z) = 3*z**2 - 41*z - 570. Calculate f(22).
-20
Let f(m) = -79*m**2 + 639*m - 55. Give f(8).
1
Let w(a) = -2613*a - 20913. What is w(-8)?
-9
Let y(x) = x**3 - 38*x**2 - 2*x + 78. What is y(38)?
2
Let n(y) = -4*y**2 - 761*y + 583. Calculate n(-191).
10
Let b(u) = u**2 + 13535*u + 67664. Calculate b(-5).
14
Let x(w) = -20*w**2 + 207*w - 180. Determine x(1).
7
Let a(s) = s**3 + 13*s**2 - 123*s - 1521. Give a(-10).
9
Let f(v) = v**2 - 67*v - 8485. Calculate f(-64).
-101
Let q(w) = w**3 - 81*w + 2. Calculate q(8).
-134
Let h(l) = 2*l**2 - 10596*l - 63623. What is h(-6)?
25
Let l(m) = m**3 + 34*m**2 + 55*m - 376. Determine l(-32).
-88
Let q(g) = 7810*g + 14. Determine q(0).
14
Let v(z) = -25*z**2 + 1101*z - 75. What is v(44)?
-31
Let g(f) = 3*f**3 - 72*f**2 + 73*f + 43. What is g(23)?
135
Let r(m) = 7*m**2 + 308*m + 301. Calculate r(-43).
0
Let w(o) = -9*o**2 + 44*o - 40. What is w(4)?
-8
Let y(t) = -124*t + 351. Calculate y(3).
-21
Let q(m) = 8*m**2 + 12*m - 11. Determine q(1).
9
Let d(q) = 6*q**2 + 28*q - 126. Determine d(4).
82
Let x(r) = 